0
Let o(s) = 84*s**2 - 6644*s + 45. Calculate o(78).
-7131
Let d(x) = -2*x**3 + 40*x**2 - 37*x + 91. Calculate d(19).
110
Let n(c) = 7*c**3 - 3*c**2 + 319*c - 939. Determine n(3).
180
Let w(p) = 11*p**3 - 10*p**2 + 106*p - 646. Calculate w(6).
2006
Let p(x) = 47056*x + 1364663. Determine p(-29).
39
Let q(c) = -9*c**2 - 1137*c - 10370. What is q(-10)?
100
Let c(u) = -87*u**2 + 3833*u - 189. Calculate c(44).
31
Let q(w) = 105*w - 12395. Give q(120).
205
Let x(h) = 84495*h - 17321485. Determine x(205).
-10
Let b(y) = -2*y**3 - 161*y**2 - 3203*y + 37. Calculate b(-36).
1
Let i(n) = 2*n**2 - 70*n - 19169. Determine i(116).
-377
Let a(b) = -98*b**2 - 18*b - 336. What is a(-5)?
-2696
Let g(n) = -n**3 - 15*n**2 - 34*n - 13. What is g(-12)?
-37
Let m(o) = -38*o**2 + 33*o + 19. Calculate m(2).
-67
Let g(o) = -o**3 + 148*o**2 + 396*o + 9199. Calculate g(151).
592
Let u(c) = -386*c + 30462. Determine u(84).
-1962
Let u(x) = 29*x**3 + 10*x**2 - 3377*x - 3386. Calculate u(-1).
-28
Let m(z) = 148*z**3 - 65*z**2 - 50*z + 15. What is m(-1)?
-148
Let i(c) = -2*c**2 - 88*c + 71. Determine i(-46).
-113
Let o(j) = -2*j**2 - 278972*j - 4. Give o(0).
-4
Let v(d) = 2462*d**2 - 17136*d - 752. Calculate v(7).
-66
Let y(k) = -3*k**3 - 32*k**2 - 59*k + 20. Determine y(-6).
-130
Let q(j) = -176*j - 21096. Determine q(-119).
-152
Let z(t) = -596*t + 113307. What is z(190)?
67
Let d(c) = -113*c**2 + 30*c + 28. What is d(-1)?
-115
Let o(x) = -3*x**3 - 10*x**2 + 276*x + 1238. Determine o(10).
-2
Let k(u) = u**3 - 4*u**2 - 481*u + 2394. Calculate k(5).
14
Let d(x) = x**2 + 180*x - 19462. Determine d(76).
-6
Let o(g) = -2*g**3 + 81*g**2 + 35*g + 663. Determine o(41).
417
Let j(h) = 5*h**3 + 68*h**2 + 22*h + 15. Calculate j(-13).
236
Let t(w) = 39535*w + 514136. Determine t(-13).
181
Let i(h) = 42317*h - 84636. Give i(2).
-2
Let n(s) = 14*s**2 + 109759*s + 986700. Calculate n(-9).
3
Let h(u) = 12403*u + 2679043. Determine h(-216).
-5
Let m(v) = 14067*v - 858099. Calculate m(61).
-12
Let p(l) = 3168*l - 25287. Calculate p(8).
57
Let n(b) = -b**2 + 1926*b - 69879. Give n(37).
14
Let f(y) = -2*y**2 - 2742*y + 855700. Determine f(262).
8
Let i(s) = -5477*s + 356022. Determine i(65).
17
Let d(w) = -1712*w**2 + 87313*w - 26. Determine d(51).
25
Let c(i) = -88*i**2 + 1284*i - 725. Determine c(14).
3
Let p(m) = -299*m**2 + 15845*m + 96. What is p(53)?
-10
Let s(l) = 1403*l + 1080. Determine s(-1).
-323
Let l(j) = -716*j - 120515. Determine l(-168).
-227
Let j(k) = -12*k**2 + 308*k + 354. Give j(26).
250
Let y(g) = 10365*g - 93356. Determine y(9).
-71
Let z(k) = -306*k - 11909. Give z(-27).
-3647
Let t(m) = 1412*m - 245627. What is t(174)?
61
Let v(h) = 69*h**2 - 2782*h - 1932. Give v(41).
-5
Let d(x) = x**3 - 163*x**2 + 4033*x - 5777. What is d(133)?
-58
Let q(n) = -3200*n + 20439. What is q(6)?
1239
Let u(c) = 30*c**2 + 2306*c + 575. Calculate u(-76).
-1401
Let u(z) = 110260*z - 331536. Determine u(3).
-756
Let c(y) = -2*y**3 - 397*y**2 - 232*y - 6738. Give c(-198).
-6
Let g(b) = 162*b + 9285. What is g(-64)?
-1083
Let h(q) = -77*q - 16678. Calculate h(-217).
31
Let q(n) = 2*n**2 - 3*n - 962. Give q(31).
867
Let j(a) = -3*a**2 + 79*a + 471. What is j(31)?
37
Let s(q) = 2*q**2 + 448*q - 3166. Calculate s(7).
68
Let p(y) = 2727*y - 201793. What is p(74)?
5
Let z(y) = -160*y + 3455. Determine z(18).
575
Let j(s) = -15*s + 2429. What is j(21)?
2114
Let f(w) = 607*w**2 + 24*w + 21. Give f(-1).
604
Let k(f) = -5819*f - 2292666. Calculate k(-394).
20
Let d(r) = r**3 + 35*r**2 - 918*r + 2055. Determine d(-53).
147
Let m(p) = -149*p**2 - 25*p - 63. Calculate m(-3).
-1329
Let m(d) = 4256*d - 33752. Determine m(8).
296
Let u(k) = 1775*k**2 + 79875*k + 31. Give u(-45).
31
Let k(a) = -22*a**2 - 15700*a + 109906. Calculate k(7).
-1072
Let m(t) = -t**3 + 15*t**2 - 232*t + 3787. What is m(16)?
-181
Let w(u) = 57894*u + 142. Determine w(0).
142
Let u(z) = -84826*z + 1017925. Determine u(12).
13
Let c(n) = -314*n**2 - 47348*n + 9982. Calculate c(-151).
16
Let m(n) = -10*n**2 + 38*n + 245. What is m(6)?
113
Let p(s) = 6*s**2 + 1837*s - 12831. Calculate p(-313).
2
Let i(v) = -3539*v - 184032. What is i(-52)?
-4
Let i(f) = 2*f**3 + 190*f**2 - 239*f - 4807. Calculate i(-96).
-295
Let h(d) = -d**2 + 1891*d - 478511. Give h(301).
79
Let r(w) = 5*w**3 - 94*w**2 + 68*w + 200. Determine r(18).
128
Let m(n) = 11*n**2 + 1476*n - 4075. Calculate m(-137).
172
Let i(l) = -16063*l + 48597. What is i(3)?
408
Let f(q) = -1134*q**2 - 256288*q - 898. Give f(-226).
6
Let k(d) = d**3 + 81*d**2 + 984*d - 1187. Give k(-17).
581
Let d(o) = 430*o - 52043. Give d(121).
-13
Let g(i) = -8*i**3 - 43*i**2 + 1598*i + 8068. What is g(-5)?
3
Let r(v) = 4*v**2 + 197*v - 237. What is r(-50)?
-87
Let u(q) = 7*q**3 + 4145*q**2 + 8847*q - 1866. What is u(-590)?
-96
Let g(n) = 31*n**3 + 6*n**2 - 8*n - 7. Give g(3).
860
Let f(m) = 1808*m - 13066. Calculate f(8).
1398
Let g(b) = 47*b**2 - 851*b - 4283. Give g(-5).
1147
Let c(o) = 24728*o - 99644. What is c(4)?
-732
Let f(u) = 33*u**2 + 6830*u - 203. Calculate f(-207).
4
Let h(i) = -35*i**2 + 291*i - 2172. Calculate h(6).
-1686
Let p(j) = 30*j**2 - 871*j + 3579. What is p(5)?
-26
Let z(u) = -4*u**2 - 8374*u - 50222. What is z(-6)?
-122
Let g(n) = 5*n**3 + 427*n**2 - 4038*n + 369. Calculate g(-94).
-7
Let d(f) = 95*f**2 + 412*f + 18. Calculate d(-4).
-110
Let c(f) = -9649*f + 1321847. Determine c(137).
-66
Let i(q) = -2*q**2 + 102*q + 3353. What is i(76)?
-447
Let h(u) = -u**2 + 4462*u - 754325. What is h(176)?
11
Let t(z) = 649*z + 30504. Give t(-47).
1
Let n(q) = q**3 + 232*q**2 - 10575*q + 69. Calculate n(39).
-165
Let h(c) = -1728*c + 60469. Determine h(35).
-11
Let k(c) = 37423*c - 224531. Give k(6).
7
Let x(g) = -g**2 + 15466*g - 200881. What is x(13)?
8
Let c(q) = -3*q**3 - 1490*q**2 - 999*q - 3565. What is c(-496)?
-93
Let i(z) = -z**2 + 50*z - 253. Give i(4).
-69
Let m(j) = 22*j**3 - 4*j**2 - 19*j - 60. Calculate m(-3).
-633
Let z(a) = a**3 - 47*a**2 - 299*a - 1003. What is z(53)?
4
Let m(s) = -2*s**2 + 505*s + 59505. What is m(340)?
5
Let s(w) = -49*w**2 - 135*w + 81. Determine s(-4).
-163
Let s(f) = -f**3 - 21*f**2 - 7*f + 215. Give s(-10).
-815
Let t(r) = 2*r**2 + 756*r - 276442. Calculate t(228).
-106
Let h(f) = f**3 + 85*f**2 - 3593*f + 304. Determine h(-116).
-44
Let p(d) = 25360*d + 304322. Determine p(-12).
2
Let p(b) = 2*b**3 - 63*b**2 - 230*b - 214. Determine p(35).
311
Let k(i) = -3*i**2 + 1158*i - 37816. What is k(36)?
-16
Let p(v) = -165*v**2 - 1230*v + 40. Determine p(-9).
-2255
Let b(w) = -w**3 + 70*w**2 + 1085*w - 47855. What is b(76)?
-51
Let n(c) = 384*c - 264. What is n(-3)?
-1416
Let q(r) = -8774*r + 87736. What is q(10)?
-4
Let y(v) = 10*v**3 - v**2 - 99*v - 297. Give y(-3).
-279
Let z(u) = -5*u**3 + 118*u**2 - 53*u + 143. Calculate z(23).
511
Let g(f) = -199*f**2 - 2630*f - 13151. Determine g(-5).
-4976
Let k(t) = 1624*t - 14643. What is k(9)?
-27
Let z(j) = -4311*j + 65607. Determine z(15).
942
Let k(g) = 48*g**2 + 2325*g + 985. Give k(-48).
-23
Let r(x) = 6274*x - 853271. What is r(136)?
-7
Let r(q) = 183*q**2 - 611*q - 1243. Determine r(-2).
711
Let w(j) = 8254*j - 33304. What is w(4)?
-288
Let u(i) = 31519*i + 62893. Calculate u(-2).
-145
Let o(a) = -19*a**3 - 1558*a**2 - 3*a - 35. Give o(-82).
211
Let n(b) = -45170*b + 90338. Give n(2).
-2
Let u(y) = -5*y**2 - 5582*y - 82597. What is u(-15)?
8
Let w(g) = 3*g**3 + 528*g**2 - 1056*g + 2124. Calculate w(-178).
-12
Let w(u) = 2*u**3 + 110*u**2 - 1333*u - 73316. Give w(-55).
-1
Let y(k) = 6*k**2 + 1798*k + 17648. Give y(-10).
268
Let c(r) = 28161*r + 1323575. Determine c(-47).
8
Let m(b) = -17*b**2 - 19*b + 81. Give m(-9).
-1125
Let m(f) = -25*f**2 - 446*f - 1049. Calculate m(-15).
16
Let l(s) = 52588*s - 421028. Calculate l(8).
-324
Let w(k) = 2*k**3 + 33*k**2 - 13*k + 218. Calculate w(-17).
150
Let y(s) = 4541*s - 33. Give y(0).
-33
Let a(d) = -31*d**2 + 82*d + 207. What is a(11)?
-2642
Let w(t) = 4*t**2 - 1064*t + 10283. Give w(10).
43
Let a(h) = -h**2 + 5930*h - 11862. Give a(2).
-6
Let w(m) = -7595*m + 273411. Give w(36).
-9
Let h(n) = -3*n**2 + 1029*n + 9489. Calculate h(-9).
-15
Let p(g) = -g**3 + 44*g**2 + 2729*g + 2545. Give p(79).
-299
Let i(w) = -w**3 + 67*w**2 - 254*w + 114. What is i(63)?
-12
Let 